ghest common factor of h and 18.
18
Suppose -9*p + 434 = 371. Calculate the highest common factor of p and 5.
1
Let j(r) = -3*r**3 + 3*r - 4. Let b be j(-4). Suppose -5*k + 55 = 5*c, c - 173*k + 171*k = 26. Calculate the highest common factor of c and b.
16
Let j be -6*(1 + (-3)/9). Let p be (-176)/(-28) - j/(-14). Let g be (-2)/(-10) - 88/(-10). What is the greatest common factor of g and p?
3
Let d(i) = -i + 8. Let h be d(9). Let b(w) = -2*w + 1. Let a be b(h). Suppose v - a*v = -96. Calculate the highest common factor of 6 and v.
6
Let l = -69 - -75. Let y = 6 + -11. Let x = y + l. Calculate the greatest common factor of x and 1.
1
Suppose 12*a - 16*a + 335 = d, -5 = -a. What is the highest common divisor of 105 and d?
105
Let o(s) = 2*s**2 - 3*s + 2. Let f be o(3). Let u be 1 + 6/(-5) - 11634/105. Let d = 144 + u. Calculate the highest common factor of f and d.
11
Suppose 58 = 4*x - 30. Let i be (30 - -6)*(-4)/(-6). Let v be ((-55)/4)/((-6)/i). What is the highest common factor of v and x?
11
Let n be (55/(-10))/11*-82. Suppose -4*d + 8*d - n = 5*i, 0 = 2*d + 3*i - 37. Calculate the greatest common factor of 126 and d.
14
Let p be (-9)/(-2) - 9/(-6). Suppose p + 108 = 3*j. Calculate the highest common divisor of j and 2.
2
Let o be 0*3/6 - -44. Let m be 10/(-55) + 3876/22. Calculate the highest common factor of m and o.
44
Let n = -42 + 44. Suppose 5*b - 3*w - 181 = -0*w, -n*w + 120 = 3*b. Calculate the highest common factor of 19 and b.
19
Let l(p) = -1 + 17 + 5*p - 3*p. Let u be l(-6). Let w be 99/(-2)*u/(-6). What is the highest common factor of 11 and w?
11
Let s(q) = 2*q. Let m be s(5). Suppose 2*l - 18 = -2*b - 0*b, -b + m = 2*l. Suppose -4*k = -b*k + 8. What is the greatest common factor of k and 3?
1
Suppose 2*b - 92*b = -360. What is the greatest common factor of b and 5?
1
Let n = -12 + 12. Suppose 4*z + 4*s = -0*z + 76, 2*s - 8 = n. What is the highest common factor of 10 and z?
5
Let p be ((-120)/14)/((-2)/(-14)). Let i be 3/5 - 564/p. Let q be 30 + (-1)/1 + 1. What is the highest common divisor of i and q?
10
Suppose 38*v - 48 = 370. What is the highest common divisor of 22 and v?
11
Let b be (-5)/(1/((-12)/10)). Let l be 49 - (4 + 0 + (-3 - 0)). What is the greatest common divisor of l and b?
6
Suppose 0 = h - 4*h + 30. Suppose -28 + 98 = 14*t. Calculate the highest common divisor of t and h.
5
Suppose -24 = -3*p - 6*r + 2*r, 3 = -p - 5*r. Calculate the greatest common factor of p and 64.
4
Let j(n) = 2*n**2 - 19*n + 8. Let t be j(10). Let x(s) = -s**3 + 18*s**2 + s + 13. Let d be x(t). Calculate the highest common factor of d and 155.
31
Suppose 0*i + 4*i - 12 = 0. Suppose -4 = j + d - 0, -2*j - 9 = i*d. Let y be 2/4*(5 + j). What is the highest common divisor of y and 2?
1
Let j be 3 + 7/(35/15). Suppose j*d - 98 = 244. What is the greatest common factor of 19 and d?
19
Suppose 3*l + 84 = 7*l. Suppose 0 = -32*o + 26*o + 882. What is the greatest common divisor of o and l?
21
Let j be ((-42)/5 - -2)/(14/(-175)). Let u = -73 + j. Suppose -2*n + 4*i = n - 33, -1 = 2*n + 5*i. Calculate the greatest common divisor of n and u.
7
Let v = -472 - -689. What is the highest common factor of 62 and v?
31
Let i(q) = -2*q**2 + 73*q + 429. Let c be i(-5). Let n be 2160/14 + (-8)/28. Calculate the greatest common divisor of c and n.
14
Suppose 25*p = 27*p - 416. Suppose -5*n + p = 8*n. What is the greatest common factor of 20 and n?
4
Let r = 21 + -16. Let c be -8 + 9 + 3*r. What is the highest common factor of c and 16?
16
Let c(w) = -w**3 + 13*w**2 + 17*w - 38. Let u be c(14). What is the highest common divisor of u and 5?
1
Let q(r) = 34*r**2 + 2*r. Let i be q(-2). Let u be 3/(9/i) - 0. Let v = -23 + u. Calculate the highest common divisor of 3 and v.
3
Suppose -4*t - 38 = -154. Suppose -3*h + 12 = -5*s - 4, -2*s = -3*h + 10. Suppose h*q = 14*q - 3132. What is the highest common divisor of t and q?
29
Let l(n) = 3*n + 20. Let j be l(-9). Let q be 1*j*96/(-6). Calculate the highest common divisor of 14 and q.
14
Let u(s) = 9*s + 9*s - 20*s + 10. Let z be u(-2). Calculate the greatest common divisor of z and 7.
7
Let r be ((-620)/(-8))/(110/44). Suppose -3*k + 56 = x + 2*k, 5*x + 4*k = 175. Calculate the highest common divisor of x and r.
31
Suppose -7*i = -19*i + 24. Suppose i*n + 544 = 10*n. Calculate the highest common divisor of 17 and n.
17
Let m be (-6)/4*(-31 - -1). Suppose 2*q = -q + 4*r - 121, 0 = -2*q - 2*r - 104. Let f = q - -62. Calculate the greatest common divisor of m and f.
15
Let h = -3 - -7. Suppose -2*n = 2*a - 82, -159*n + 163*n = 20. Calculate the greatest common factor of h and a.
4
Let s be 116/(-6) + 1/3. Let v = s + 13. Let m = 92 - v. What is the greatest common factor of 14 and m?
14
Suppose -2*m - 5*m = 28. Let k = 0 - m. Calculate the greatest common factor of k and 24.
4
Let b be (18/15)/((-1)/(-30)). Suppose -n = 2*n - b. Suppose 7*t = 70 + 14. What is the greatest common factor of t and n?
12
Suppose 32*k - 34*k + 84 = 0. Calculate the greatest common factor of 182 and k.
14
Suppose 15*q - 7*q = 6144. What is the highest common factor of q and 12?
12
Let z(r) = r**3 - 9*r**2 - 11*r + 19. Let o be z(10). Suppose 7*w + 52 = o*w. Calculate the highest common factor of w and 26.
26
Suppose 3*y - 2*p - 422 = 0, -y - 11 = -2*p - 153. Calculate the greatest common divisor of 70 and y.
70
Let n = 1881 - 1270. What is the highest common factor of 47 and n?
47
Let k(y) = -24*y**3 - 6*y**2 - 9*y. Let q be k(-2). Suppose q + 502 = 8*s. What is the greatest common divisor of s and 129?
43
Let a = 1200 + -1180. What is the highest common divisor of 220 and a?
20
Let b be 303/(-24)*(34 - 42). Calculate the greatest common divisor of b and 202.
101
Let h = -5 - -17. Calculate the greatest common divisor of h and 174.
6
Suppose -8 = -2*x - 2. Let g(o) = -6*o - 4 + 1 + 4 + x. Let h be g(-4). Calculate the greatest common factor of 7 and h.
7
Let q = -85 + 121. Suppose 5*m - 2*z = 131, 3*z - q = -m - 3. Let s = -3 + 6. Calculate the highest common factor of s and m.
3
Suppose 9*l + 2*j = 8*l + 350, 343 = l - 5*j. Suppose 5*g - l = -3*y + 4*y, 5*g - 5*y - 340 = 0. What is the greatest common factor of g and 105?
35
Let j(s) = -s**3 + 15*s**2 + 24*s - 15. Let v be j(14). What is the highest common divisor of 47 and v?
47
Let b be (-25 - -24)/(((-6)/(-4))/(-3)). Suppose 716 = 5*m + 4*o, b*m + 5*o - 160 = m. Calculate the greatest common factor of m and 20.
20
Let g = 48 + -18. Let i(r) = -5*r**3 - r**2 - r + 1. Let d be i(-2). Let q = -29 + d. What is the highest common divisor of q and g?
10
Let a be -4*(4/22 - 90/11). Calculate the highest common divisor of a and 8.
8
Let z be 7/2*1*18. Suppose 2*i - 36 = 4*f, -4*i - f - f = -122. Let t = i + -21. Calculate the greatest common factor of z and t.
7
Let x(y) = -100*y**3 - 3*y**2 - 4*y - 2. Let l = 79 + -80. Let z be x(l). Let u = 16 - 7. Calculate the highest common factor of u and z.
9
Let z be (5 - (2 - -52)/6) + 56. What is the highest common factor of 12 and z?
4
Let n = -35 - -40. Suppose n*y - 134 = -44. Calculate the highest common divisor of 108 and y.
18
Let z = -346 + 407. Calculate the highest common factor of 793 and z.
61
Suppose 468 = 22*q - 4*q. What is the greatest common divisor of q and 286?
26
Let q(r) = 27*r - 3. Let v be q(4). Suppose 4*c = 55 + v. What is the greatest common divisor of c and 100?
20
Let q = 48 - -216. Let w be 7/((-98)/q)*-14. Calculate the highest common factor of w and 24.
24
Suppose 0 = 5*h - 41 - 14. Suppose 0 = -5*g + 290 - 15. What is the highest common divisor of g and h?
11
Suppose 5*p = -3*i + 44 - 273, -p - 41 = 3*i. Let z = p + 77. Calculate the highest common divisor of 150 and z.
30
Suppose -2*k + 4*k - 2 = 0. Let l be 1/(-2)*k + (-1851)/(-6). Calculate the greatest common divisor of 28 and l.
28
Suppose -r = 3*r - 124. Let v = r + 89. Let t be v/28 - 2/7. Calculate the highest common divisor of 28 and t.
4
Let y = 4 - 0. Let d be (0 - -2)*66/y. Suppose -13 = -c - 2*o, -4*c - 2*o + 41 = -5. What is the highest common divisor of c and d?
11
Let z = 46 + -29. Let f = 23 - z. Let n be 1 + 0 - (f - 7). What is the highest common factor of n and 4?
2
Suppose -225 = -54*g + 53*g. Calculate the highest common divisor of g and 135